 13, 601, 997
List the prime factors of 1266879076.
2, 79, 1753, 2287
List the prime factors of 366134245.
5, 73226849
List the prime factors of 207047605.
5, 31, 1335791
List the prime factors of 332153708.
2, 8951, 9277
What are the prime factors of 10963559?
2789, 3931
List the prime factors of 1176908697.
3, 19, 764723
List the prime factors of 215949319.
5449, 39631
What are the prime factors of 517557119?
517557119
List the prime factors of 75020203.
75020203
List the prime factors of 8675705346.
2, 3, 7, 11, 18778583
List the prime factors of 3501708.
2, 3, 7, 41687
What are the prime factors of 41096027?
7, 137, 42853
List the prime factors of 23969882.
2, 31, 386611
What are the prime factors of 1395089827?
401, 3479027
List the prime factors of 46343707.
46343707
List the prime factors of 52050050.
2, 5, 13, 80077
What are the prime factors of 330800044?
2, 2029, 40759
What are the prime factors of 65902859?
11, 5991169
What are the prime factors of 74806893?
3, 7, 1187411
What are the prime factors of 4642457843?
4642457843
What are the prime factors of 54733128?
2, 3, 2280547
What are the prime factors of 97888646?
2, 19, 191, 13487
What are the prime factors of 1560683481?
3, 7, 74318261
List the prime factors of 228801302.
2, 114400651
What are the prime factors of 18772742?
2, 2207, 4253
List the prime factors of 49250900.
2, 5, 157, 3137
What are the prime factors of 5759122698?
2, 3, 7, 43, 1031
List the prime factors of 155380261.
47, 3305963
List the prime factors of 432352600.
2, 5, 19, 113777
What are the prime factors of 1932503184?
2, 3, 41, 449
What are the prime factors of 6490332?
2, 3, 180287
What are the prime factors of 1581714523?
41, 467, 82609
List the prime factors of 804337674.
2, 3, 7, 1021, 18757
What are the prime factors of 206555000?
2, 5, 109, 379
What are the prime factors of 3163920?
2, 3, 5, 13183
What are the prime factors of 49339635?
3, 5, 59, 197, 283
List the prime factors of 1171508638.
2, 585754319
What are the prime factors of 38880573?
3, 12960191
List the prime factors of 256545024.
2, 3, 334043
What are the prime factors of 39668736?
2, 3, 37, 349
What are the prime factors of 1096156021?
1096156021
List the prime factors of 2600058275.
5, 104002331
List the prime factors of 115903486.
2, 23, 2519641
What are the prime factors of 40315102?
2, 20157551
List the prime factors of 116067062.
2, 23, 43, 58679
What are the prime factors of 87970732?
2, 67, 328249
What are the prime factors of 19500034?
2, 9750017
What are the prime factors of 873245524?
2, 47, 331, 14033
What are the prime factors of 24563681?
24563681
What are the prime factors of 52577909?
59, 891151
List the prime factors of 549923766.
2, 3, 7, 113, 16553
What are the prime factors of 7201922596?
2, 11, 43, 53, 71821
What are the prime factors of 3289335951?
3, 11, 99676847
What are the prime factors of 571567170?
2, 3, 5, 3793, 5023
What are the prime factors of 2186561460?
2, 3, 5, 1171, 31121
What are the prime factors of 361615719?
3, 809, 148997
List the prime factors of 18129973.
17, 107, 9967
What are the prime factors of 1554696345?
3, 5, 31, 3343433
List the prime factors of 99465665.
5, 13, 19, 43, 1873
List the prime factors of 607353193.
607353193
List the prime factors of 2682486773.
61, 113, 389161
What are the prime factors of 5790800701?
7, 73, 307, 36913
What are the prime factors of 267448857?
3, 13, 757, 9059
What are the prime factors of 270841481?
347, 780523
List the prime factors of 6119111491.
21313, 287107
What are the prime factors of 20287614?
2, 3, 3381269
List the prime factors of 106435635.
3, 5, 1439, 4931
List the prime factors of 1683549638.
2, 491, 1714409
What are the prime factors of 4177009?
1601, 2609
List the prime factors of 2376322216.
2, 297040277
What are the prime factors of 102555591?
3, 34185197
List the prime factors of 1328234299.
7, 193, 983149
What are the prime factors of 6697675861?
17, 23175349
What are the prime factors of 833275675?
5, 33331027
List the prime factors of 603872276.
2, 7, 3080981
What are the prime factors of 7520223?
3, 53, 47297
List the prime factors of 4003772471.
4003772471
What are the prime factors of 22938576?
2, 3, 17, 28111
What are the prime factors of 177687648?
2, 3, 205657
What are the prime factors of 35397906?
2, 3, 5899651
What are the prime factors of 2494358288?
2, 173, 901141
What are the prime factors of 1357240778?
2, 1109, 611921
List the prime factors of 125218605.
3, 5, 8347907
What are the prime factors of 57892387?
7, 167, 49523
What are the prime factors of 244576956?
2, 3, 13, 37, 42373
What are the prime factors of 3943097083?
3943097083
List the prime factors of 15328026.
2, 3, 7, 239, 509
List the prime factors of 319381597.
43, 7427479
What are the prime factors of 294658400?
2, 5, 368323
List the prime factors of 69897756.
2, 3, 5824813
List the prime factors of 15210909.
3, 7, 139, 193
What are the prime factors of 5092834760?
2, 5, 13, 503, 19471
List the prime factors of 1847901652.
2, 41, 823, 13691
What are the prime factors of 54463970?
2, 5, 11, 149, 3323
What are the prime factors of 34398911?
19, 1810469
What are the prime factors of 25544279?
31, 43, 19163
What are the prime factors of 328539616?
2, 131, 181, 433
What are the prime factors of 689315135?
5, 349, 395023
List the prime factors of 242654362.
2, 17, 37, 192889
What are the prime factors of 48687504?
2, 3, 23, 44101
List the prime factors of 209012747.
227, 920761
List the prime factors of 966345883.
6569, 147107
What are the prime factors of 101571101?
101571101
List the prime factors of 213958532.
2, 17, 1289, 2441
List the prime factors of 4659571854.
2, 3, 7, 17, 41, 3121
List the prime factors of 341272627.
157, 2173711
List the prime factors of 3918539514.
2, 3, 79, 8266961
List the prime factors of 1053373674.
2, 3, 5521, 31799
What are the prime factors of 2959345?
5, 19, 31151
What are the prime factors of 66069370?
2, 5, 31, 67, 3181
List the prime factors of 5138215165.
5, 151, 797, 8539
List the prime factors of 818239905.
3, 5, 7, 43, 193, 313
What are the prime factors of 52679727?
3, 127, 569
What are the prime factors of 19498841?
2087, 9343
List the prime factors of 981210930.
2, 3, 5, 7, 17, 191, 1439
List the prime factors of 2470681756.
2, 617670439
List the prime factors of 696898118.
2, 7, 4397, 11321
List the prime factors of 4545898762.
2, 4931, 460951
List the prime factors of 6798385132.
2, 7, 11, 79, 271, 1031
List the prime factors of 57721894.
2, 28860947
What are the prime factors of 39759196?
2, 9939799
What are the prime factors of 1215989999?
7, 173712857
What are the prime factors of 445693026?
2, 3, 409, 181619
What are the prime factors of 192655172?
2, 599, 80407
List the prime factors of 189925679.
227, 836677
What are the prime factors of 4357548713?
7, 229, 2718371
What are the prime factors of 191138492?
2, 47784623
What are the prime factors of 191665529?
11, 31, 41, 13709
List the prime factors of 2270783963.
7, 463, 700643
What are the prime factors of 355241573?
109, 3259097
What are the prime factors of 79267868?
2, 31, 639257
What are the prime factors of 349012106?
2, 174506053
What are the prime factors of 48336197?
7, 13, 449
What are the prime factors of 330589732?
2, 11, 7513403
List the prime factors of 13299499.
1741, 7639
What are the prime factors of 765809251?
17, 971, 2729
List the prime factors of 1340046411.
3, 11, 733, 55399
List the prime factors of 452843767.
83, 5455949
List the prime factors of 3122795415.
3, 5, 431, 483031
List the prime factors of 1425178.
2, 17, 167, 251
List the prime factors of 6031947575.
5, 19, 673, 18869
What are the prime factors of 263267765?
5, 37, 41, 61, 569
What are the prime factors of 961831374?
2, 3, 7, 22900747
List the prime factors of 65906800.
2, 5, 164767
What are the prime factors of 2797492?
2, 699373
List the prime factors of 202424623.
79, 2562337
List the prime factors of 3235578071.
11, 294143461
List the prime factors of 8650259437.
31, 279040627
List the prime factors of 1835034855.
3, 5, 137, 937, 953
List the prime factors of 862407937.
862407937
List the prime factors of 398101853.
398101853
List the prime factors of 386595803.
11, 131,